{"id":20,"date":"2021-05-18T16:21:40","date_gmt":"2021-05-18T16:21:40","guid":{"rendered":"https:\/\/www.cssigniter.com\/demos\/business3ree\/?page_id=20"},"modified":"2024-04-13T06:50:35","modified_gmt":"2024-04-13T06:50:35","slug":"about-us","status":"publish","type":"page","link":"https:\/\/3.sgh.com.co\/about-us\/","title":{"rendered":"Nosotros"},"content":{"rendered":"\n<div class=\"section-wrapper\" data-id=\"5UzK7N\"><section class=\"wp-block-gutenverse-section guten-element guten-section guten-5UzK7N layout-boxed align-stretch\"><div class=\"guten-background-overlay\"><\/div><div class=\"guten-shape-divider guten-shape-divider-top\"><\/div><div class=\"guten-shape-divider guten-shape-divider-bottom\"><\/div><div class=\"guten-container guten-column-gap-default\">\n<div class=\"wp-block-gutenverse-column guten-element guten-column guten-uSM2uW\"><div class=\"guten-background-overlay\"><\/div><div class=\"sticky-wrapper\" data-id=\"uSM2uW\"><div class=\"guten-column-wrapper\">\n<h1 class=\"wp-block-gutenverse-heading guten-element guten-1vkNjz\">\u00bfQu\u00e9 hacemos?<\/h1>\n<\/div><\/div><\/div>\n\n\n\n<div class=\"wp-block-gutenverse-column guten-element guten-column guten-PYR16g\"><div class=\"guten-background-overlay\"><\/div><div class=\"sticky-wrapper\" data-id=\"PYR16g\"><div class=\"guten-column-wrapper\">\n<div class=\"guten-element gutenverse-text-editor guten-4ye4r8\"><div class=\"text-content-inner\">\n<p class=\"has-medium-font-size\">Promovemos el crecimiento de ventajas competitivas de nuestros clientes a trav\u00e9s, de soluciones personalizadas que aborden soluciones de innovaci\u00f3n, cumplimiento o resoluci\u00f3n de sus procesos, pol\u00edticas, sistemas y controles.&nbsp;<\/p>\n<\/div><\/div>\n<\/div><\/div><\/div>\n<\/div><\/section><\/div>\n\n\n\n<div class=\"section-wrapper\" data-id=\"moMdni\"><section class=\"wp-block-gutenverse-section guten-element guten-section guten-moMdni layout-boxed align-stretch\"><div class=\"guten-background-overlay\"><\/div><div class=\"guten-shape-divider guten-shape-divider-top\"><\/div><div class=\"guten-shape-divider guten-shape-divider-bottom\"><\/div><div class=\"guten-container guten-column-gap-default\">\n<div class=\"wp-block-gutenverse-column guten-element guten-column guten-ErwC52\"><div class=\"guten-background-overlay\"><\/div><div class=\"sticky-wrapper\" data-id=\"ErwC52\"><div class=\"guten-column-wrapper\">\n<div class=\"guten-8CF96P gutenverse-image-box guten-element style-default\"><div class=\"image-box-header\"><img loading=\"lazy\" decoding=\"async\" class=\"gutenverse-image-box-filled\" src=\"https:\/\/3.sgh.com.co\/wp-content\/uploads\/2024\/02\/rsw_365h_365cg_true-1.webp\" height=\"365\" width=\"365\"\/><\/div><div class=\"image-box-body\"><div class=\"body-inner\"><h3 class=\"body-title icon-position-before\"><i><\/i><span>Nuestra misi\u00f3n<\/span><\/h3><p class=\"body-description\">Contribuyendo a superar sus desaf\u00edos de gesti\u00f3n empresarial, fiscal y organizacional, buscamos contribuir a su crecimiento de forma sostenible, rentable y segura.\u200b<br> <br><\/p>\n<div class=\"guten-element guten-button-wrapper guten-WN8U4i hide-desktop hide-tablet hide-mobile\"><a class=\"guten-button guten-button-xs\" href=\"#\"><span><\/span><\/a><\/div>\n<\/div><\/div><\/div>\n<\/div><\/div><\/div>\n\n\n\n<div class=\"wp-block-gutenverse-column guten-element guten-column guten-dqLFia\"><div class=\"guten-background-overlay\"><\/div><div class=\"sticky-wrapper\" data-id=\"dqLFia\"><div class=\"guten-column-wrapper\">\n<div class=\"guten-O2a0GA gutenverse-image-box guten-element style-default\"><div class=\"image-box-header\"><img loading=\"lazy\" decoding=\"async\" class=\"gutenverse-image-box-filled\" src=\"https:\/\/3.sgh.com.co\/wp-content\/uploads\/2024\/02\/rsw_365h_365cg_truem.webp\" height=\"365\" width=\"365\"\/><\/div><div class=\"image-box-body\"><div class=\"body-inner\"><h4 class=\"body-title icon-position-before\"><i><\/i><span>Nuestra visi\u00f3n<\/span><\/h4><p class=\"body-description\">Fomentar relaciones duraderas con nuestros clientes actuales, permiti\u00e9ndonos ofrecerles servicios complementarios y competitivos; adem\u00e1s, atraer nuevos clientes, generando inter\u00e9s org\u00e1nico en nuestras ofertas.<\/p>\n<div class=\"guten-element guten-button-wrapper guten-CeMwQ4 hide-desktop hide-tablet hide-mobile\"><a class=\"guten-button guten-button-sm\" href=\"#\"><span><\/span><\/a><\/div>\n<\/div><\/div><\/div>\n<\/div><\/div><\/div>\n<\/div><\/section><\/div>\n\n\n\n<div class=\"guten-element guten-spacer guten-3nuCtk\"><\/div>\n\n\n\n<div class=\"section-wrapper\" data-id=\"G57EeS\"><section class=\"wp-block-gutenverse-section guten-element guten-section guten-G57EeS layout-boxed align-stretch\"><div class=\"guten-background-overlay\"><\/div><div class=\"guten-shape-divider guten-shape-divider-top\"><\/div><div class=\"guten-shape-divider guten-shape-divider-bottom\"><\/div><div class=\"guten-container guten-column-gap-default\">\n<div class=\"wp-block-gutenverse-column guten-element guten-column guten-SJctmf\"><div class=\"guten-background-overlay\"><\/div><div class=\"sticky-wrapper\" data-id=\"SJctmf\"><div class=\"guten-column-wrapper\">\n<div class=\"guten-element guten-aNFZ6i guten-icon-box icon-position-top\"><div class=\"guten-icon-box-wrapper hover-from-left\"><div class=\"icon-box icon-box-header\"><div class=\"icon style-color\"><i class=\"fas fa-sitemap\"><\/i><\/div><\/div><div class=\"icon-box icon-box-body\"><h5 class=\"title\">Estrategia<\/h5><p class=\"icon-box-description\">Nos esforzamos en brindar:<\/p><\/div><\/div><\/div>\n<\/div><\/div><\/div>\n\n\n\n<div class=\"wp-block-gutenverse-column guten-element guten-column guten-rwbiIo\"><div class=\"guten-background-overlay\"><\/div><div class=\"sticky-wrapper\" data-id=\"rwbiIo\"><div class=\"guten-column-wrapper\">\n<div class=\"wp-block-gutenverse-image guten-element guten-image guten-bKgc92\"><a class=\"guten-image-wrapper\"><img loading=\"lazy\" decoding=\"async\" class=\"gutenverse-image-box-filled\" src=\"https:\/\/3.sgh.com.co\/wp-content\/uploads\/2024\/02\/hombres-negocios-asiaticos-mujeres-negocios-que-reunen-intercambiar-ideas-sobre-aplicacion-planificacion-diseno-web-creativo-desarrollar-diseno-plantilla-proyectos-telefonos-.jpg\" height=\"563\" width=\"1000\"\/><\/a><\/div>\n<\/div><\/div><\/div>\n<\/div><\/section><\/div>\n\n\n\n<div style=\"height:17px\" aria-hidden=\"true\" class=\"wp-block-spacer\"><\/div>\n\n\n\n<div class=\"section-wrapper\" data-id=\"07bU8R\"><section class=\"wp-block-gutenverse-section guten-element guten-section guten-07bU8R layout-boxed align-stretch\"><div class=\"guten-background-overlay\"><\/div><div class=\"guten-shape-divider guten-shape-divider-top\"><\/div><div class=\"guten-shape-divider guten-shape-divider-bottom\"><\/div><div class=\"guten-container guten-column-gap-default\">\n<div class=\"wp-block-gutenverse-column guten-element guten-column guten-PW16dL\"><div class=\"guten-background-overlay\"><\/div><div class=\"sticky-wrapper\" data-id=\"PW16dL\"><div class=\"guten-column-wrapper\">\n<h3 class=\"wp-block-gutenverse-heading guten-element guten-eXBjsa\">01.<\/h3>\n\n\n\n<div class=\"guten-element gutenverse-text-editor guten-ECu0r4\"><div class=\"text-content-inner\">\n<p class=\"has-medium-font-size\">Equipos de trabajo eficientes<\/p>\n<\/div><\/div>\n<\/div><\/div><\/div>\n\n\n\n<div class=\"wp-block-gutenverse-column guten-element guten-column guten-FX3tKh\"><div class=\"guten-background-overlay\"><\/div><div class=\"sticky-wrapper\" data-id=\"FX3tKh\"><div class=\"guten-column-wrapper\">\n<h3 class=\"wp-block-gutenverse-heading guten-element guten-n4yrCC\">02.<\/h3>\n\n\n\n<div class=\"guten-element gutenverse-text-editor guten-kEKePB\"><div class=\"text-content-inner\">\n<p class=\"has-medium-font-size\">Integraci\u00f3n multidisciplinaria<\/p>\n<\/div><\/div>\n<\/div><\/div><\/div>\n\n\n\n<div class=\"wp-block-gutenverse-column guten-element guten-column guten-5pewyx\"><div class=\"guten-background-overlay\"><\/div><div class=\"sticky-wrapper\" data-id=\"5pewyx\"><div class=\"guten-column-wrapper\">\n<h3 class=\"wp-block-gutenverse-heading guten-element guten-Fcv7An\">03.<\/h3>\n\n\n\n<div class=\"guten-element gutenverse-text-editor guten-PmwbQ6\"><div class=\"text-content-inner\">\n<p class=\"has-medium-font-size\">Servicios de alta calidad<\/p>\n<\/div><\/div>\n<\/div><\/div><\/div>\n<\/div><\/section><\/div>\n\n\n\n<div class=\"section-wrapper\" data-id=\"IDD4UZ\"><section class=\"wp-block-gutenverse-section guten-element guten-section guten-IDD4UZ layout-boxed align-stretch\"><div class=\"guten-background-overlay\"><\/div><div class=\"guten-shape-divider guten-shape-divider-top\"><\/div><div class=\"guten-shape-divider guten-shape-divider-bottom\"><\/div><div class=\"guten-container guten-column-gap-default\">\n<div class=\"wp-block-gutenverse-column guten-element guten-column guten-109Cyi\"><div class=\"guten-background-overlay\"><\/div><div class=\"sticky-wrapper\" data-id=\"109Cyi\"><div class=\"guten-column-wrapper\">\n<h3 class=\"wp-block-gutenverse-heading guten-element guten-ueR7fV\">04.<\/h3>\n\n\n\n<div class=\"guten-element gutenverse-text-editor guten-HqAp16\"><div class=\"text-content-inner\">\n<p class=\"has-medium-font-size\">Metodolog\u00eda adecuada<\/p>\n<\/div><\/div>\n<\/div><\/div><\/div>\n\n\n\n<div class=\"wp-block-gutenverse-column guten-element guten-column guten-9wKdN9\"><div class=\"guten-background-overlay\"><\/div><div class=\"sticky-wrapper\" data-id=\"9wKdN9\"><div class=\"guten-column-wrapper\">\n<h3 class=\"wp-block-gutenverse-heading guten-element guten-wbasGZ\">05.<\/h3>\n\n\n\n<div class=\"guten-element gutenverse-text-editor guten-GZ9BGJ\"><div class=\"text-content-inner\">\n<p class=\"has-medium-font-size\">Esp\u00edritu de Servicio<\/p>\n<\/div><\/div>\n<\/div><\/div><\/div>\n\n\n\n<div class=\"wp-block-gutenverse-column guten-element guten-column guten-NNtDZF\"><div class=\"guten-background-overlay\"><\/div><div class=\"sticky-wrapper\" data-id=\"NNtDZF\"><div class=\"guten-column-wrapper\">\n<h3 class=\"wp-block-gutenverse-heading guten-element guten-zr67xD\">06.<\/h3>\n\n\n\n<div class=\"guten-element gutenverse-text-editor guten-CXH7L3\"><div class=\"text-content-inner\">\n<p class=\"has-medium-font-size\">Innovaci\u00f3n<\/p>\n<\/div><\/div>\n<\/div><\/div><\/div>\n<\/div><\/section><\/div>\n\n\n\n<div class=\"section-wrapper\" data-id=\"DxDkpe\"><section class=\"wp-block-gutenverse-section guten-element guten-section guten-DxDkpe layout-boxed align-stretch\"><div class=\"guten-background-overlay\"><\/div><div class=\"guten-shape-divider guten-shape-divider-top\"><\/div><div class=\"guten-shape-divider guten-shape-divider-bottom\"><\/div><div class=\"guten-container guten-column-gap-default\">\n<div class=\"wp-block-gutenverse-column guten-element guten-column guten-PaOUXZ\"><div class=\"guten-background-overlay\"><\/div><div class=\"sticky-wrapper\" data-id=\"PaOUXZ\"><div class=\"guten-column-wrapper\"><\/div><\/div><\/div>\n\n\n\n<div class=\"wp-block-gutenverse-column guten-element guten-column guten-D5tgHX\"><div class=\"guten-background-overlay\"><\/div><div class=\"sticky-wrapper\" data-id=\"D5tgHX\"><div class=\"guten-column-wrapper\">\n<h3 class=\"wp-block-gutenverse-heading guten-element guten-FanCKn\">07.<\/h3>\n\n\n\n<div class=\"guten-element gutenverse-text-editor guten-8e6YL4\"><div class=\"text-content-inner\">\n<p class=\"has-medium-font-size\">Inclusi\u00f3n<\/p>\n<\/div><\/div>\n<\/div><\/div><\/div>\n\n\n\n<div class=\"wp-block-gutenverse-column guten-element guten-column guten-3RTxwk\"><div class=\"guten-background-overlay\"><\/div><div class=\"sticky-wrapper\" data-id=\"3RTxwk\"><div class=\"guten-column-wrapper\"><\/div><\/div><\/div>\n<\/div><\/section><\/div>\n\n\n\n<div class=\"guten-element guten-spacer guten-LzZbLA\"><\/div>\n\n\n\n<div id=\"block-7c67dc-9724-4b\" class=\"wp-block-gutenbee-container block-7c67dc-9724-4b\"><style>.wp-block-gutenbee-container.block-7c67dc-9724-4b { margin-bottom: 50px; }<\/style><div class=\"wp-block-gutenbee-container-inner\"><div class=\"wp-block-gutenbee-container-row wp-block-gutenbee-container-lg\">\n<div id=\"block-df0f85-954e-44\" class=\"wp-block-gutenbee-column block-df0f85-954e-44\"><style>.wp-block-gutenbee-column.block-df0f85-954e-44 { flex-basis: 33%; }\n\n\n      @media (max-width: 991px) {\n        .wp-block-gutenbee-column.block-df0f85-954e-44 { flex-basis: 100%; }\n      }\n    \n\n      @media (max-width: 575px) {\n        .wp-block-gutenbee-column.block-df0f85-954e-44 { flex-basis: 100%; }\n      }<\/style><div class=\"wp-block-gutenbee-column-content\">\n<h2 id=\"block-65c7f9-cc52-41\" class=\"wp-block-gutenbee-heading block-65c7f9-cc52-41\">Conoce a nuestro equipo<\/h2>\n<\/div><\/div>\n\n\n\n<div id=\"block-83f9bd-e332-46\" class=\"wp-block-gutenbee-column block-83f9bd-e332-46\"><style>.wp-block-gutenbee-column.block-83f9bd-e332-46 { flex-basis: 67%; }\n\n\n      @media (max-width: 991px) {\n        .wp-block-gutenbee-column.block-83f9bd-e332-46 { flex-basis: 100%; }\n      }\n    \n\n      @media (max-width: 575px) {\n        .wp-block-gutenbee-column.block-83f9bd-e332-46 { flex-basis: 100%; }\n      }<\/style><div class=\"wp-block-gutenbee-column-content\">\n<div class=\"guten-element gutenverse-text-editor guten-wq2x5F\"><div class=\"text-content-inner\">\n<p>En SevenGroup, contamos con un equipo apasionado y dedicado, formado por individuos talentosos comprometidos con la excelencia. Desde expertos en el campo hasta mentes creativas e innovadoras, cada miembro aporta su experiencia \u00fanica para ofrecer un servicio excepcional. Descubre las personas detr\u00e1s de nuestra misi\u00f3n y c\u00f3mo trabajamos juntos para garantizar tu \u00e9xito.<\/p>\n<\/div><\/div>\n<\/div><\/div>\n<\/div><\/div><div class=\"wp-block-gutenbee-container-background\" data-parallax-speed=\"0.3\"><\/div><\/div>\n\n\n\n<div id=\"block-f37b58-d92c-4c\" class=\"wp-block-gutenbee-container block-f37b58-d92c-4c\"><style>.wp-block-gutenbee-container.block-f37b58-d92c-4c { margin-bottom: 0px; }<\/style><div class=\"wp-block-gutenbee-container-inner\"><div class=\"wp-block-gutenbee-container-row wp-block-gutenbee-container-lg\">\n<div id=\"block-2052a6-6d89-45\" class=\"wp-block-gutenbee-column block-2052a6-6d89-45\"><style>@media (max-width: 991px) {\n        .wp-block-gutenbee-column.block-2052a6-6d89-45 { flex-basis: 100%; }\n      }\n    \n\n      @media (max-width: 575px) {\n        .wp-block-gutenbee-column.block-2052a6-6d89-45 { flex-basis: 100%; }\n      }<\/style><div class=\"wp-block-gutenbee-column-content\">\n<div id=\"block-ef4416-1287-47\" class=\"wp-block-gutenbee-imagebox is-style-ignition-business3ree-box-shadow block-ef4416-1287-47 wp-block-gutenbee-imagebox-align-center wp-block-gutenbee-imagebox-content-align-center\" style=\"background-color:#ffffff;box-shadow:10px 10px 0px 0px  rgba(0, 0, 0, 0.05)\" data-sal=\"flip-left\" data-sal-delay=\"5\" data-sal-duration=\"700\" data-sal-easing=\"ease-in-out\"><style>.wp-block-gutenbee-imagebox.block-ef4416-1287-47 { margin-top: 0px; padding: 30px 30px 30px 30px; }\n.wp-block-gutenbee-imagebox.block-ef4416-1287-47 .wp-block-gutenbee-imagebox-figure { margin-bottom: 30px; }\n.wp-block-gutenbee-imagebox.block-ef4416-1287-47 .wp-block-gutenbee-imagebox-text { font-size: 20px; }<\/style><figure class=\"wp-block-gutenbee-imagebox-figure\"><img decoding=\"async\" src=\"https:\/\/3.sgh.com.co\/wp-content\/uploads\/2024\/03\/15861.jpg\" alt=\"\"\/><\/figure><div class=\"wp-block-gutenbee-imagebox-content\"><h4 class=\"wp-block-gutenbee-imagebox-title\" style=\"margin-bottom:0px\">Estamos listos para ayudarte<\/h4><p class=\"wp-block-gutenbee-imagebox-text\">Contactanos<\/p><\/div><\/div>\n<\/div><\/div>\n<\/div><\/div><div class=\"wp-block-gutenbee-container-background\" data-parallax-speed=\"0.3\"><\/div><\/div>\n","protected":false},"excerpt":{"rendered":"","protected":false},"author":1,"featured_media":0,"parent":0,"menu_order":0,"comment_status":"closed","ping_status":"closed","template":"templates\/template-fullwidth-boxed.php","meta":{"footnotes":""},"class_list":["post-20","page","type-page","status-publish","hentry"],"yoast_head":"<!-- This site is optimized with the Yoast SEO plugin v27.4 - https:\/\/yoast.com\/product\/yoast-seo-wordpress\/ -->\n<title>Nosotros - G7<\/title>\n<meta name=\"description\" content=\"\u00bfQu\u00e9 hacemos? Promovemos el crecimiento de ventajas competitivas de nuestros clientes a trav\u00e9s, de soluciones personalizadas que aborden soluciones de\" \/>\n<meta name=\"robots\" content=\"index, follow, max-snippet:-1, max-image-preview:large, max-video-preview:-1\" \/>\n<link rel=\"canonical\" href=\"https:\/\/3.sgh.com.co\/about-us\/\" \/>\n<meta property=\"og:locale\" content=\"es_ES\" \/>\n<meta property=\"og:type\" content=\"article\" \/>\n<meta property=\"og:title\" content=\"Nosotros - G7\" \/>\n<meta property=\"og:description\" content=\"\u00bfQu\u00e9 hacemos? Promovemos el crecimiento de ventajas competitivas de nuestros clientes a trav\u00e9s, de soluciones personalizadas que aborden soluciones de\" \/>\n<meta property=\"og:url\" content=\"https:\/\/3.sgh.com.co\/about-us\/\" \/>\n<meta property=\"og:site_name\" content=\"G7\" \/>\n<meta property=\"article:publisher\" content=\"https:\/\/www.facebook.com\/113153935426498\" \/>\n<meta property=\"article:modified_time\" content=\"2024-04-13T06:50:35+00:00\" \/>\n<meta property=\"og:image\" content=\"https:\/\/3.sgh.com.co\/wp-content\/uploads\/2024\/02\/rsw_365h_365cg_true-1.webp\" \/>\n<meta name=\"twitter:card\" content=\"summary_large_image\" \/>\n<meta name=\"twitter:label1\" content=\"Tiempo de lectura\" \/>\n\t<meta name=\"twitter:data1\" content=\"2 minutos\" \/>\n<script type=\"application\/ld+json\" class=\"yoast-schema-graph\">{\"@context\":\"https:\\\/\\\/schema.org\",\"@graph\":[{\"@type\":\"WebPage\",\"@id\":\"https:\\\/\\\/3.sgh.com.co\\\/about-us\\\/\",\"url\":\"https:\\\/\\\/3.sgh.com.co\\\/about-us\\\/\",\"name\":\"Nosotros - G7\",\"isPartOf\":{\"@id\":\"https:\\\/\\\/3.sgh.com.co\\\/#website\"},\"primaryImageOfPage\":{\"@id\":\"https:\\\/\\\/3.sgh.com.co\\\/about-us\\\/#primaryimage\"},\"image\":{\"@id\":\"https:\\\/\\\/3.sgh.com.co\\\/about-us\\\/#primaryimage\"},\"thumbnailUrl\":\"https:\\\/\\\/3.sgh.com.co\\\/wp-content\\\/uploads\\\/2024\\\/02\\\/rsw_365h_365cg_true-1.webp\",\"datePublished\":\"2021-05-18T16:21:40+00:00\",\"dateModified\":\"2024-04-13T06:50:35+00:00\",\"description\":\"\u00bfQu\u00e9 hacemos? Promovemos el crecimiento de ventajas competitivas de nuestros clientes a trav\u00e9s, de soluciones personalizadas que aborden soluciones de\",\"breadcrumb\":{\"@id\":\"https:\\\/\\\/3.sgh.com.co\\\/about-us\\\/#breadcrumb\"},\"inLanguage\":\"es-CO\",\"potentialAction\":[{\"@type\":\"ReadAction\",\"target\":[\"https:\\\/\\\/3.sgh.com.co\\\/about-us\\\/\"]}]},{\"@type\":\"ImageObject\",\"inLanguage\":\"es-CO\",\"@id\":\"https:\\\/\\\/3.sgh.com.co\\\/about-us\\\/#primaryimage\",\"url\":\"https:\\\/\\\/3.sgh.com.co\\\/wp-content\\\/uploads\\\/2024\\\/02\\\/rsw_365h_365cg_true-1.webp\",\"contentUrl\":\"https:\\\/\\\/3.sgh.com.co\\\/wp-content\\\/uploads\\\/2024\\\/02\\\/rsw_365h_365cg_true-1.webp\",\"width\":365,\"height\":365},{\"@type\":\"BreadcrumbList\",\"@id\":\"https:\\\/\\\/3.sgh.com.co\\\/about-us\\\/#breadcrumb\",\"itemListElement\":[{\"@type\":\"ListItem\",\"position\":1,\"name\":\"Inicio\",\"item\":\"https:\\\/\\\/3.sgh.com.co\\\/\"},{\"@type\":\"ListItem\",\"position\":2,\"name\":\"Nosotros\"}]},{\"@type\":\"WebSite\",\"@id\":\"https:\\\/\\\/3.sgh.com.co\\\/#website\",\"url\":\"https:\\\/\\\/3.sgh.com.co\\\/\",\"name\":\"Seven Group\",\"description\":\"\",\"publisher\":{\"@id\":\"https:\\\/\\\/3.sgh.com.co\\\/#organization\"},\"alternateName\":\"sgh\",\"potentialAction\":[{\"@type\":\"SearchAction\",\"target\":{\"@type\":\"EntryPoint\",\"urlTemplate\":\"https:\\\/\\\/3.sgh.com.co\\\/?s={search_term_string}\"},\"query-input\":{\"@type\":\"PropertyValueSpecification\",\"valueRequired\":true,\"valueName\":\"search_term_string\"}}],\"inLanguage\":\"es-CO\"},{\"@type\":\"Organization\",\"@id\":\"https:\\\/\\\/3.sgh.com.co\\\/#organization\",\"name\":\"Seven Group\",\"alternateName\":\"SGH\",\"url\":\"https:\\\/\\\/3.sgh.com.co\\\/\",\"logo\":{\"@type\":\"ImageObject\",\"inLanguage\":\"es-CO\",\"@id\":\"https:\\\/\\\/3.sgh.com.co\\\/#\\\/schema\\\/logo\\\/image\\\/\",\"url\":\"https:\\\/\\\/sgh.com.co\\\/wp-content\\\/uploads\\\/2024\\\/02\\\/cropped-cropped-Logopequeno-1.png\",\"contentUrl\":\"https:\\\/\\\/sgh.com.co\\\/wp-content\\\/uploads\\\/2024\\\/02\\\/cropped-cropped-Logopequeno-1.png\",\"width\":511,\"height\":511,\"caption\":\"Seven Group\"},\"image\":{\"@id\":\"https:\\\/\\\/3.sgh.com.co\\\/#\\\/schema\\\/logo\\\/image\\\/\"},\"sameAs\":[\"https:\\\/\\\/www.facebook.com\\\/113153935426498\",\"https:\\\/\\\/www.linkedin.com\\\/company\\\/seven-group-g7\\\/mycompany\\\/?viewAsMember=true\",\"https:\\\/\\\/wa.me\\\/573054388503\",\"https:\\\/\\\/www.instagram.com\\\/_7_group\\\/\"]}]}<\/script>\n<!-- \/ Yoast SEO plugin. -->","yoast_head_json":{"title":"Nosotros - G7","description":"\u00bfQu\u00e9 hacemos? Promovemos el crecimiento de ventajas competitivas de nuestros clientes a trav\u00e9s, de soluciones personalizadas que aborden soluciones de","robots":{"index":"index","follow":"follow","max-snippet":"max-snippet:-1","max-image-preview":"max-image-preview:large","max-video-preview":"max-video-preview:-1"},"canonical":"https:\/\/3.sgh.com.co\/about-us\/","og_locale":"es_ES","og_type":"article","og_title":"Nosotros - G7","og_description":"\u00bfQu\u00e9 hacemos? Promovemos el crecimiento de ventajas competitivas de nuestros clientes a trav\u00e9s, de soluciones personalizadas que aborden soluciones de","og_url":"https:\/\/3.sgh.com.co\/about-us\/","og_site_name":"G7","article_publisher":"https:\/\/www.facebook.com\/113153935426498","article_modified_time":"2024-04-13T06:50:35+00:00","og_image":[{"url":"https:\/\/3.sgh.com.co\/wp-content\/uploads\/2024\/02\/rsw_365h_365cg_true-1.webp","type":"","width":"","height":""}],"twitter_card":"summary_large_image","twitter_misc":{"Tiempo de lectura":"2 minutos"},"schema":{"@context":"https:\/\/schema.org","@graph":[{"@type":"WebPage","@id":"https:\/\/3.sgh.com.co\/about-us\/","url":"https:\/\/3.sgh.com.co\/about-us\/","name":"Nosotros - G7","isPartOf":{"@id":"https:\/\/3.sgh.com.co\/#website"},"primaryImageOfPage":{"@id":"https:\/\/3.sgh.com.co\/about-us\/#primaryimage"},"image":{"@id":"https:\/\/3.sgh.com.co\/about-us\/#primaryimage"},"thumbnailUrl":"https:\/\/3.sgh.com.co\/wp-content\/uploads\/2024\/02\/rsw_365h_365cg_true-1.webp","datePublished":"2021-05-18T16:21:40+00:00","dateModified":"2024-04-13T06:50:35+00:00","description":"\u00bfQu\u00e9 hacemos? Promovemos el crecimiento de ventajas competitivas de nuestros clientes a trav\u00e9s, de soluciones personalizadas que aborden soluciones de","breadcrumb":{"@id":"https:\/\/3.sgh.com.co\/about-us\/#breadcrumb"},"inLanguage":"es-CO","potentialAction":[{"@type":"ReadAction","target":["https:\/\/3.sgh.com.co\/about-us\/"]}]},{"@type":"ImageObject","inLanguage":"es-CO","@id":"https:\/\/3.sgh.com.co\/about-us\/#primaryimage","url":"https:\/\/3.sgh.com.co\/wp-content\/uploads\/2024\/02\/rsw_365h_365cg_true-1.webp","contentUrl":"https:\/\/3.sgh.com.co\/wp-content\/uploads\/2024\/02\/rsw_365h_365cg_true-1.webp","width":365,"height":365},{"@type":"BreadcrumbList","@id":"https:\/\/3.sgh.com.co\/about-us\/#breadcrumb","itemListElement":[{"@type":"ListItem","position":1,"name":"Inicio","item":"https:\/\/3.sgh.com.co\/"},{"@type":"ListItem","position":2,"name":"Nosotros"}]},{"@type":"WebSite","@id":"https:\/\/3.sgh.com.co\/#website","url":"https:\/\/3.sgh.com.co\/","name":"Seven Group","description":"","publisher":{"@id":"https:\/\/3.sgh.com.co\/#organization"},"alternateName":"sgh","potentialAction":[{"@type":"SearchAction","target":{"@type":"EntryPoint","urlTemplate":"https:\/\/3.sgh.com.co\/?s={search_term_string}"},"query-input":{"@type":"PropertyValueSpecification","valueRequired":true,"valueName":"search_term_string"}}],"inLanguage":"es-CO"},{"@type":"Organization","@id":"https:\/\/3.sgh.com.co\/#organization","name":"Seven Group","alternateName":"SGH","url":"https:\/\/3.sgh.com.co\/","logo":{"@type":"ImageObject","inLanguage":"es-CO","@id":"https:\/\/3.sgh.com.co\/#\/schema\/logo\/image\/","url":"https:\/\/sgh.com.co\/wp-content\/uploads\/2024\/02\/cropped-cropped-Logopequeno-1.png","contentUrl":"https:\/\/sgh.com.co\/wp-content\/uploads\/2024\/02\/cropped-cropped-Logopequeno-1.png","width":511,"height":511,"caption":"Seven Group"},"image":{"@id":"https:\/\/3.sgh.com.co\/#\/schema\/logo\/image\/"},"sameAs":["https:\/\/www.facebook.com\/113153935426498","https:\/\/www.linkedin.com\/company\/seven-group-g7\/mycompany\/?viewAsMember=true","https:\/\/wa.me\/573054388503","https:\/\/www.instagram.com\/_7_group\/"]}]}},"_links":{"self":[{"href":"https:\/\/3.sgh.com.co\/index.php\/wp-json\/wp\/v2\/pages\/20","targetHints":{"allow":["GET"]}}],"collection":[{"href":"https:\/\/3.sgh.com.co\/index.php\/wp-json\/wp\/v2\/pages"}],"about":[{"href":"https:\/\/3.sgh.com.co\/index.php\/wp-json\/wp\/v2\/types\/page"}],"author":[{"embeddable":true,"href":"https:\/\/3.sgh.com.co\/index.php\/wp-json\/wp\/v2\/users\/1"}],"replies":[{"embeddable":true,"href":"https:\/\/3.sgh.com.co\/index.php\/wp-json\/wp\/v2\/comments?post=20"}],"version-history":[{"count":25,"href":"https:\/\/3.sgh.com.co\/index.php\/wp-json\/wp\/v2\/pages\/20\/revisions"}],"predecessor-version":[{"id":1093,"href":"https:\/\/3.sgh.com.co\/index.php\/wp-json\/wp\/v2\/pages\/20\/revisions\/1093"}],"wp:attachment":[{"href":"https:\/\/3.sgh.com.co\/index.php\/wp-json\/wp\/v2\/media?parent=20"}],"curies":[{"name":"wp","href":"https:\/\/api.w.org\/{rel}","templated":true}]}}